{"id":32943,"date":"2026-09-01T08:20:05","date_gmt":"2026-09-01T08:20:05","guid":{"rendered":"https:\/\/santacatalinaproperties.com\/?post_type=property&#038;p=32943"},"modified":"2026-09-01T08:22:50","modified_gmt":"2026-09-01T08:22:50","slug":"vson-041-son-armadams","status":"publish","type":"property","link":"https:\/\/santacatalinaproperties.com\/es\/propiedad\/vson-041-son-armadams\/","title":{"rendered":"VSON 041 &#8211; SON ARMADAMS"},"content":{"rendered":"<p>VENTA DE NUDA PROPIEDAD<\/p>\n<p>Una oportunidad para adquirir una magn\u00edfica vivienda por menos de su valor de mercado. Goza de una fant\u00e1stica ubicaci\u00f3n en el barrio de Son Armadams \u2014una de las mejores zonas residenciales de Palma\u2014, en una calle muy tranquila bordeada de \u00e1rboles de gran tama\u00f1o.<\/p>\n<p>La vivienda, que necesita una reforma, tiene un gran potencial.<\/p>\n<p>Se trata de un espacioso piso de unos 120 m\u00b2, que actualmente est\u00e1 dividido en dos viviendas, con una sola escritura.<\/p>\n<p>Se podr\u00eda mantener tal y como est\u00e1 y alquilar uno de los apartamentos, utilizando el otro como vivienda propia, o bien alquilar ambas viviendas.<\/p>\n<p>Otra opci\u00f3n ser\u00eda convertir las dos viviendas en una espaciosa vivienda de cuatro dormitorios con dos ba\u00f1os y una terraza.<\/p>\n<p>La puerta de entrada da a un amplio vest\u00edbulo con dos puertas que conducen a cada uno de los apartamentos:<\/p>\n<p>El apartamento de la derecha tiene actualmente la siguiente distribuci\u00f3n: una amplia cocina que comunica con un espacioso lavadero con grandes ventanas, donde hay un peque\u00f1o cuarto de ba\u00f1o con ducha; un amplio sal\u00f3n-comedor y dos dormitorios, uno de ellos con chimenea y acceso a la fabulosa terraza de unos 20 m\u00b2.<\/p>\n<p>El piso de la izquierda cuenta actualmente con un sal\u00f3n, un dormitorio doble, una amplia cocina y un cuarto de ba\u00f1o. Todas las habitaciones tienen ventanas que dan al exterior.<\/p>\n<p>La vivienda est\u00e1 situada en un edificio tranquilo de tres plantas con solo cuatro residentes, que cuenta con un patio comunitario que se extiende desde la entrada principal, que da a la calle, hasta la escalera de acceso al edificio.<\/p>\n<p>La ubicaci\u00f3n es inmejorable y est\u00e1 muy bien comunicada. Son Armadans es un barrio residencial tranquilo y se\u00f1orial de Palma, situado entre el Paseo Mar\u00edtimo, el Bosque de Bellver y Santa Catalina.<\/p>\n<p>&nbsp;<\/p>\n<p>&nbsp;<\/p>\n<p>&nbsp;<\/p>\n","protected":false},"excerpt":{"rendered":"<p>VENTA DE NUDA PROPIEDAD Una oportunidad para adquirir una magn\u00edfica vivienda por menos de su valor de mercado. Goza de una fant\u00e1stica ubicaci\u00f3n en el barrio de Son Armadams \u2014una de las mejores zonas residenciales de Palma\u2014, en una calle muy tranquila bordeada de \u00e1rboles de gran tama\u00f1o. La vivienda, que necesita una reforma, tiene&#8230;<\/p>\n","protected":false},"author":5,"featured_media":34531,"parent":0,"menu_order":0,"comment_status":"closed","ping_status":"closed","template":"","property-feature":[60,62,53],"property-type":[61],"property-city":[20],"property-status":[70],"property_meta":{"REAL_HOMES_property_price":"360000","REAL_HOMES_property_old_price":"","REAL_HOMES_property_price_prefix":"","REAL_HOMES_property_price_postfix":"","REAL_HOMES_property_size":"120","REAL_HOMES_property_size_postfix":"m2","REAL_HOMES_property_lot_size":"143","REAL_HOMES_property_lot_size_postfix":"m2","REAL_HOMES_property_bedrooms":"4","REAL_HOMES_property_bathrooms":"2","REAL_HOMES_property_garage":"","REAL_HOMES_property_id":"VSON 041","REAL_HOMES_property_year_built":"","REAL_HOMES_featured":"0","REAL_HOMES_additional_details_list":[],"REAL_HOMES_property_location":{"latitude":"0","longitude":"0","zoom":"0"},"REAL_HOMES_property_address":"","REAL_HOMES_property_map":"","REAL_HOMES_property_images":[{"width":150,"height":150,"file":"2025\/05\/20250430_122553.jpg","filesize":310236,"sizes":{"medium":{"file":"20250430_122553-300x225.jpg","width":300,"height":225,"mime-type":"image\/jpeg","filesize":22982,"url":"https:\/\/santacatalinaproperties.com\/wp-content\/uploads\/2025\/05\/20250430_122553-300x225.jpg"},"large":{"file":"20250430_122553-1024x768.jpg","width":1024,"height":768,"mime-type":"image\/jpeg","filesize":236031,"url":"https:\/\/santacatalinaproperties.com\/wp-content\/uploads\/2025\/05\/20250430_122553-1024x768.jpg"},"thumbnail":{"file":"20250430_122553-150x150.jpg","width":150,"height":150,"mime-type":"image\/jpeg","filesize":8429,"url":"https:\/\/santacatalinaproperties.com\/wp-content\/uploads\/2025\/05\/20250430_122553-150x150.jpg"},"medium_large":{"file":"20250430_122553-768x576.jpg","width":768,"height":576,"mime-type":"image\/jpeg","filesize":138334,"url":"https:\/\/santacatalinaproperties.com\/wp-content\/uploads\/2025\/05\/20250430_122553-768x576.jpg"},"post-thumbnail":{"file":"20250430_122553-150x113.jpg","width":150,"height":113,"mime-type":"image\/jpeg","filesize":6826,"url":"https:\/\/santacatalinaproperties.com\/wp-content\/uploads\/2025\/05\/20250430_122553-150x113.jpg"},"modern-property-child-slider":{"file":"20250430_122553-680x510.jpg","width":680,"height":510,"mime-type":"image\/jpeg","filesize":109567,"url":"https:\/\/santacatalinaproperties.com\/wp-content\/uploads\/2025\/05\/20250430_122553-680x510.jpg"},"property-thumb-image":{"file":"20250430_122553-488x326.jpg","width":488,"height":326,"mime-type":"image\/jpeg","filesize":51867,"url":"https:\/\/santacatalinaproperties.com\/wp-content\/uploads\/2025\/05\/20250430_122553-488x326.jpg"},"property-detail-video-image":{"file":"20250430_122553-818x417.jpg","width":818,"height":417,"mime-type":"image\/jpeg","filesize":109370,"url":"https:\/\/santacatalinaproperties.com\/wp-content\/uploads\/2025\/05\/20250430_122553-818x417.jpg"},"agent-image":{"file":"20250430_122553-210x210.jpg","width":210,"height":210,"mime-type":"image\/jpeg","filesize":15622,"url":"https:\/\/santacatalinaproperties.com\/wp-content\/uploads\/2025\/05\/20250430_122553-210x210.jpg"},"partners-logo":{"file":"20250430_122553-600x1063.jpg","width":600,"height":1063,"mime-type":"image\/jpeg","filesize":190451,"url":"https:\/\/santacatalinaproperties.com\/wp-content\/uploads\/2025\/05\/20250430_122553-600x1063.jpg"},"post-featured-image":{"file":"20250430_122553-1240x720.jpg","width":1240,"height":720,"mime-type":"image\/jpeg","filesize":266230,"url":"https:\/\/santacatalinaproperties.com\/wp-content\/uploads\/2025\/05\/20250430_122553-1240x720.jpg"}},"image_meta":{"aperture":"1.8","credit":"","camera":"SM-A526B","caption":"","created_timestamp":"1746015954","copyright":"","focal_length":"5.23","iso":"25","shutter_speed":"0.0035460992907801","title":"","orientation":"1","keywords":[]},"ID":"32936","name":"20250430_122553.jpg","path":"\/home\/scatapro\/public_html\/wp-content\/uploads\/2025\/05\/20250430_122553.jpg","url":"https:\/\/santacatalinaproperties.com\/wp-content\/uploads\/2025\/05\/20250430_122553-150x150.jpg","full_url":"https:\/\/santacatalinaproperties.com\/wp-content\/uploads\/2025\/05\/20250430_122553.jpg","title":"20250430_122553","caption":"","description":"","alt":"","srcset":"https:\/\/santacatalinaproperties.com\/wp-content\/uploads\/2025\/05\/20250430_122553-150x150.jpg 150w, https:\/\/santacatalinaproperties.com\/wp-content\/uploads\/2025\/05\/20250430_122553-210x210.jpg 210w"},{"width":150,"height":150,"file":"2025\/05\/20250430_122603.jpg","filesize":305280,"sizes":{"medium":{"file":"20250430_122603-300x225.jpg","width":300,"height":225,"mime-type":"image\/jpeg","filesize":22802,"url":"https:\/\/santacatalinaproperties.com\/wp-content\/uploads\/2025\/05\/20250430_122603-300x225.jpg"},"large":{"file":"20250430_122603-1024x768.jpg","width":1024,"height":768,"mime-type":"image\/jpeg","filesize":239317,"url":"https:\/\/santacatalinaproperties.com\/wp-content\/uploads\/2025\/05\/20250430_122603-1024x768.jpg"},"thumbnail":{"file":"20250430_122603-150x150.jpg","width":150,"height":150,"mime-type":"image\/jpeg","filesize":8334,"url":"https:\/\/santacatalinaproperties.com\/wp-content\/uploads\/2025\/05\/20250430_122603-150x150.jpg"},"medium_large":{"file":"20250430_122603-768x576.jpg","width":768,"height":576,"mime-type":"image\/jpeg","filesize":140326,"url":"https:\/\/santacatalinaproperties.com\/wp-content\/uploads\/2025\/05\/20250430_122603-768x576.jpg"},"post-thumbnail":{"file":"20250430_122603-150x113.jpg","width":150,"height":113,"mime-type":"image\/jpeg","filesize":6858,"url":"https:\/\/santacatalinaproperties.com\/wp-content\/uploads\/2025\/05\/20250430_122603-150x113.jpg"},"modern-property-child-slider":{"file":"20250430_122603-680x510.jpg","width":680,"height":510,"mime-type":"image\/jpeg","filesize":111069,"url":"https:\/\/santacatalinaproperties.com\/wp-content\/uploads\/2025\/05\/20250430_122603-680x510.jpg"},"property-thumb-image":{"file":"20250430_122603-488x326.jpg","width":488,"height":326,"mime-type":"image\/jpeg","filesize":51614,"url":"https:\/\/santacatalinaproperties.com\/wp-content\/uploads\/2025\/05\/20250430_122603-488x326.jpg"},"property-detail-video-image":{"file":"20250430_122603-818x417.jpg","width":818,"height":417,"mime-type":"image\/jpeg","filesize":110566,"url":"https:\/\/santacatalinaproperties.com\/wp-content\/uploads\/2025\/05\/20250430_122603-818x417.jpg"},"agent-image":{"file":"20250430_122603-210x210.jpg","width":210,"height":210,"mime-type":"image\/jpeg","filesize":15378,"url":"https:\/\/santacatalinaproperties.com\/wp-content\/uploads\/2025\/05\/20250430_122603-210x210.jpg"},"partners-logo":{"file":"20250430_122603-600x1063.jpg","width":600,"height":1063,"mime-type":"image\/jpeg","filesize":189975,"url":"https:\/\/santacatalinaproperties.com\/wp-content\/uploads\/2025\/05\/20250430_122603-600x1063.jpg"},"post-featured-image":{"file":"20250430_122603-1240x720.jpg","width":1240,"height":720,"mime-type":"image\/jpeg","filesize":267312,"url":"https:\/\/santacatalinaproperties.com\/wp-content\/uploads\/2025\/05\/20250430_122603-1240x720.jpg"}},"image_meta":{"aperture":"1.8","credit":"","camera":"SM-A526B","caption":"","created_timestamp":"1746015963","copyright":"","focal_length":"5.23","iso":"25","shutter_speed":"0.0037037037037037","title":"","orientation":"1","keywords":[]},"ID":"32938","name":"20250430_122603.jpg","path":"\/home\/scatapro\/public_html\/wp-content\/uploads\/2025\/05\/20250430_122603.jpg","url":"https:\/\/santacatalinaproperties.com\/wp-content\/uploads\/2025\/05\/20250430_122603-150x150.jpg","full_url":"https:\/\/santacatalinaproperties.com\/wp-content\/uploads\/2025\/05\/20250430_122603.jpg","title":"20250430_122603","caption":"","description":"","alt":"","srcset":"https:\/\/santacatalinaproperties.com\/wp-content\/uploads\/2025\/05\/20250430_122603-150x150.jpg 150w, https:\/\/santacatalinaproperties.com\/wp-content\/uploads\/2025\/05\/20250430_122603-210x210.jpg 210w"}],"REAL_HOMES_change_gallery_slider_type":"0","REAL_HOMES_gallery_slider_type":"thumb-on-right","inspiry_floor_plans":[],"inspiry_video_group":[],"REAL_HOMES_360_virtual_tour":"","REAL_HOMES_tour_video_url":"","REAL_HOMES_tour_video_image":[],"REAL_HOMES_agent_display_option":"","REAL_HOMES_agents":[],"REAL_HOMES_energy_class":"none","REAL_HOMES_energy_performance":"","REAL_HOMES_epc_current_rating":"","REAL_HOMES_epc_potential_rating":"","REAL_HOMES_sticky":"0","inspiry_property_label":"","inspiry_property_label_color":"","inspiry_property_tax":"","inspiry_additional_fee":"","REAL_HOMES_attachments":[],"inspiry_property_owner_name":"","inspiry_property_owner_contact":"","inspiry_property_owner_address":"","REAL_HOMES_property_private_note":"","inspiry_message_to_reviewer":"","REAL_HOMES_add_in_slider":"","REAL_HOMES_slider_image":[],"REAL_HOMES_page_banner_image":[],"REAL_HOMES_hide_property_advance_search":"0","REAL_HOMES_custom_header_display":"default","REAL_HOMES_custom_header_position":"relative","REAL_HOMES_custom_footer_display":"default","REAL_HOMES_hide_advance_search":"0","REAL_HOMES_custom_search_form":"default","REAL_HOMES_search_form_margin_top":"","REAL_HOMES_search_form_margin_bottom":""},"_links":{"self":[{"href":"https:\/\/santacatalinaproperties.com\/es\/wp-json\/wp\/v2\/property\/32943"}],"collection":[{"href":"https:\/\/santacatalinaproperties.com\/es\/wp-json\/wp\/v2\/property"}],"about":[{"href":"https:\/\/santacatalinaproperties.com\/es\/wp-json\/wp\/v2\/types\/property"}],"author":[{"embeddable":true,"href":"https:\/\/santacatalinaproperties.com\/es\/wp-json\/wp\/v2\/users\/5"}],"replies":[{"embeddable":true,"href":"https:\/\/santacatalinaproperties.com\/es\/wp-json\/wp\/v2\/comments?post=32943"}],"version-history":[{"count":2,"href":"https:\/\/santacatalinaproperties.com\/es\/wp-json\/wp\/v2\/property\/32943\/revisions"}],"predecessor-version":[{"id":34529,"href":"https:\/\/santacatalinaproperties.com\/es\/wp-json\/wp\/v2\/property\/32943\/revisions\/34529"}],"wp:featuredmedia":[{"embeddable":true,"href":"https:\/\/santacatalinaproperties.com\/es\/wp-json\/wp\/v2\/media\/34531"}],"wp:attachment":[{"href":"https:\/\/santacatalinaproperties.com\/es\/wp-json\/wp\/v2\/media?parent=32943"}],"wp:term":[{"taxonomy":"property-feature","embeddable":true,"href":"https:\/\/santacatalinaproperties.com\/es\/wp-json\/wp\/v2\/property-feature?post=32943"},{"taxonomy":"property-type","embeddable":true,"href":"https:\/\/santacatalinaproperties.com\/es\/wp-json\/wp\/v2\/property-type?post=32943"},{"taxonomy":"property-city","embeddable":true,"href":"https:\/\/santacatalinaproperties.com\/es\/wp-json\/wp\/v2\/property-city?post=32943"},{"taxonomy":"property-status","embeddable":true,"href":"https:\/\/santacatalinaproperties.com\/es\/wp-json\/wp\/v2\/property-status?post=32943"}],"curies":[{"name":"wp","href":"https:\/\/api.w.org\/{rel}","templated":true}]}}

<p>VENTA DE NUDA PROPIEDAD</p>
<p>Una oportunidad para adquirir una magnífica vivienda por menos de su valor de mercado. Goza de una fantástica ubicación en el barrio de Son Armadams —una de las mejores zonas residenciales de Palma—, en una calle muy tranquila bordeada de árboles de gran tamaño.</p>
<p>La vivienda, que necesita una reforma, tiene un gran potencial.</p>
<p>Se trata de un espacioso piso de unos 120 m², que actualmente está dividido en dos viviendas, con una sola escritura.</p>
<p>Se podría mantener tal y como está y alquilar uno de los apartamentos, utilizando el otro como vivienda propia, o bien alquilar ambas viviendas.</p>
<p>Otra opción sería convertir las dos viviendas en una espaciosa vivienda de cuatro dormitorios con dos baños y una terraza.</p>
<p>La puerta de entrada da a un amplio vestíbulo con dos puertas que conducen a cada uno de los apartamentos:</p>
<p>El apartamento de la derecha tiene actualmente la siguiente distribución: una amplia cocina que comunica con un espacioso lavadero con grandes ventanas, donde hay un pequeño cuarto de baño con ducha; un amplio salón-comedor y dos dormitorios, uno de ellos con chimenea y acceso a la fabulosa terraza de unos 20 m².</p>
<p>El piso de la izquierda cuenta actualmente con un salón, un dormitorio doble, una amplia cocina y un cuarto de baño. Todas las habitaciones tienen ventanas que dan al exterior.</p>
<p>La vivienda está situada en un edificio tranquilo de tres plantas con solo cuatro residentes, que cuenta con un patio comunitario que se extiende desde la entrada principal, que da a la calle, hasta la escalera de acceso al edificio.</p>
<p>La ubicación es inmejorable y está muy bien comunicada. Son Armadans es un barrio residencial tranquilo y señorial de Palma, situado entre el Paseo Marítimo, el Bosque de Bellver y Santa Catalina.</p>
<p>&nbsp;</p>
<p>&nbsp;</p>
<p>&nbsp;</p>

<p>VENTA DE NUDA PROPIEDAD Una oportunidad para adquirir una magnífica vivienda por menos de su valor de mercado. Goza de una fantástica ubicación en el barrio de Son Armadams —una de las mejores zonas residenciales de Palma—, en una calle muy tranquila bordeada de árboles de gran tamaño. La vivienda, que necesita una reforma, tiene&#8230;</p>
